{"id":26,"date":"2023-04-27T09:45:00","date_gmt":"2023-04-27T09:45:00","guid":{"rendered":"http:\/\/www.kulta-auran.fi\/?page_id=26"},"modified":"2023-04-27T10:07:38","modified_gmt":"2023-04-27T10:07:38","slug":"esittely","status":"publish","type":"page","link":"https:\/\/www.kulta-auran.fi\/?page_id=26","title":{"rendered":"Esittely"},"content":{"rendered":"\n<div class=\"inherit-container-width wp-block-group alignfull has-background is-layout-constrained wp-block-group-is-layout-constrained\" style=\"background-color:#f8f4e4\">\n<div class=\"wp-block-columns alignwide is-layout-flex wp-container-core-columns-is-layout-28f84493 wp-block-columns-is-layout-flex\">\n<div class=\"wp-block-column is-layout-flow wp-block-column-is-layout-flow\"><\/div>\n\n\n\n<div class=\"wp-block-column is-layout-flow wp-block-column-is-layout-flow\"><\/div>\n<\/div>\n\n\n\n<p class=\"has-text-color has-extra-small-font-size\" style=\"color:#000000\">Olen Heidi Korhonen ja asun perheeni kanssa omakotitalossa Turun naapurissa Aurassa. Ensimm\u00e4inen kultainennoutajani, Golden Absante Kasper eli Kassu, tuli perheeseemme vuonna 2020.&nbsp; Kev\u00e4\u00e4ll\u00e4 2022 meille muutti Vanda (Vanda Golden Angel from Schwalmtal).<\/p>\n\n\n\n<div class=\"wp-block-columns is-layout-flex wp-container-core-columns-is-layout-28f84493 wp-block-columns-is-layout-flex\">\n<div class=\"wp-block-column is-layout-flow wp-block-column-is-layout-flow\" style=\"flex-basis:100%\">\n<figure class=\"wp-block-image aligncenter size-large is-resized\"><img loading=\"lazy\" decoding=\"async\" src=\"http:\/\/www.kulta-auran.fi\/wp-content\/uploads\/2023\/04\/Kassu-ja-Vanda-2-927x1024.jpg\" alt=\"\" class=\"wp-image-31\" width=\"315\" height=\"348\" srcset=\"https:\/\/www.kulta-auran.fi\/wp-content\/uploads\/2023\/04\/Kassu-ja-Vanda-2-927x1024.jpg 927w, https:\/\/www.kulta-auran.fi\/wp-content\/uploads\/2023\/04\/Kassu-ja-Vanda-2-271x300.jpg 271w, https:\/\/www.kulta-auran.fi\/wp-content\/uploads\/2023\/04\/Kassu-ja-Vanda-2-768x849.jpg 768w, https:\/\/www.kulta-auran.fi\/wp-content\/uploads\/2023\/04\/Kassu-ja-Vanda-2-1390x1536.jpg 1390w, https:\/\/www.kulta-auran.fi\/wp-content\/uploads\/2023\/04\/Kassu-ja-Vanda-2-1853x2048.jpg 1853w\" sizes=\"auto, (max-width: 315px) 100vw, 315px\" \/><\/figure>\n<\/div>\n<\/div>\n\n\n\n<p>Kasvattajan peruskurssin suoritin syksyll\u00e4 2021 ja Kulta-Auran kennelnimen sain kev\u00e4\u00e4ll\u00e4 2022. Jalostuksessa k\u00e4yt\u00e4n vain terveystutkittuja, jalostuskelpoisia koiria.<\/p>\n\n\n\n<figure class=\"wp-block-image aligncenter size-large is-resized\"><img loading=\"lazy\" decoding=\"async\" src=\"http:\/\/www.kulta-auran.fi\/wp-content\/uploads\/2023\/04\/Tulppaanit-1024x481.jpg\" alt=\"\" class=\"wp-image-36\" width=\"300\" height=\"140\" srcset=\"https:\/\/www.kulta-auran.fi\/wp-content\/uploads\/2023\/04\/Tulppaanit-1024x481.jpg 1024w, https:\/\/www.kulta-auran.fi\/wp-content\/uploads\/2023\/04\/Tulppaanit-300x141.jpg 300w, https:\/\/www.kulta-auran.fi\/wp-content\/uploads\/2023\/04\/Tulppaanit-768x360.jpg 768w, https:\/\/www.kulta-auran.fi\/wp-content\/uploads\/2023\/04\/Tulppaanit-1536x721.jpg 1536w, https:\/\/www.kulta-auran.fi\/wp-content\/uploads\/2023\/04\/Tulppaanit-2048x961.jpg 2048w\" sizes=\"auto, (max-width: 300px) 100vw, 300px\" \/><\/figure>\n\n\n\n<div class=\"wp-block-columns is-layout-flex wp-container-core-columns-is-layout-28f84493 wp-block-columns-is-layout-flex\">\n<div class=\"wp-block-column is-layout-flow wp-block-column-is-layout-flow\">\n<figure class=\"wp-block-image aligncenter size-large is-resized\"><img loading=\"lazy\" decoding=\"async\" src=\"http:\/\/www.kulta-auran.fi\/wp-content\/uploads\/2023\/04\/vanda-pienena-3-810x1024.jpg\" alt=\"\" class=\"wp-image-121\" width=\"251\" height=\"317\" srcset=\"https:\/\/www.kulta-auran.fi\/wp-content\/uploads\/2023\/04\/vanda-pienena-3-810x1024.jpg 810w, https:\/\/www.kulta-auran.fi\/wp-content\/uploads\/2023\/04\/vanda-pienena-3-237x300.jpg 237w, https:\/\/www.kulta-auran.fi\/wp-content\/uploads\/2023\/04\/vanda-pienena-3-768x971.jpg 768w, https:\/\/www.kulta-auran.fi\/wp-content\/uploads\/2023\/04\/vanda-pienena-3.jpg 1103w\" sizes=\"auto, (max-width: 251px) 100vw, 251px\" \/><\/figure>\n<\/div>\n\n\n\n<div class=\"wp-block-column is-vertically-aligned-center is-layout-flow wp-block-column-is-layout-flow\">\n<p>Pennut kasvavat kotioloissa ja tottuvat erilaisiin \u00e4\u00e4niin ja lapsiin. Pennut luovutetaan 7-8 viikon i\u00e4ss\u00e4, useita kertoja madotettuna, el\u00e4inl\u00e4\u00e4k\u00e4rin tarkastamina ja sirutettuina.<\/p>\n<\/div>\n\n\n\n<div class=\"wp-block-column is-layout-flow wp-block-column-is-layout-flow\">\n<figure class=\"wp-block-image aligncenter size-large is-resized\"><img loading=\"lazy\" decoding=\"async\" src=\"http:\/\/www.kulta-auran.fi\/wp-content\/uploads\/2023\/04\/kassu-pienena-1-1-806x1024.jpg\" alt=\"\" class=\"wp-image-123\" width=\"257\" height=\"325\"\/><\/figure>\n<\/div>\n<\/div>\n<\/div>\n","protected":false},"excerpt":{"rendered":"<p>Olen Heidi Korhonen ja asun perheeni kanssa omakotitalossa Turun naapurissa Aurassa. Ensimm\u00e4inen kultainennoutajani, Golden Absante Kasper eli Kassu, tuli perheeseemme vuonna 2020.&nbsp; Kev\u00e4\u00e4ll\u00e4 2022 meille muutti Vanda (Vanda Golden Angel from Schwalmtal). Kasvattajan peruskurssin suoritin syksyll\u00e4 2021 ja Kulta-Auran kennelnimen sain kev\u00e4\u00e4ll\u00e4 2022. Jalostuksessa k\u00e4yt\u00e4n vain terveystutkittuja, jalostuskelpoisia koiria. Pennut kasvavat kotioloissa ja tottuvat erilaisiin &hellip;<\/p>\n<p class=\"read-more\"> <a class=\"\" href=\"https:\/\/www.kulta-auran.fi\/?page_id=26\"> <span class=\"screen-reader-text\">Esittely<\/span> Lue lis\u00e4\u00e4 &raquo;<\/a><\/p>\n","protected":false},"author":1,"featured_media":0,"parent":0,"menu_order":2,"comment_status":"closed","ping_status":"closed","template":"","meta":{"site-sidebar-layout":"default","site-content-layout":"default","ast-global-header-display":"","ast-main-header-display":"","ast-hfb-above-header-display":"","ast-hfb-below-header-display":"","ast-hfb-mobile-header-display":"","site-post-title":"","ast-breadcrumbs-content":"","ast-featured-img":"","footer-sml-layout":"","theme-transparent-header-meta":"","adv-header-id-meta":"","stick-header-meta":"","header-above-stick-meta":"","header-main-stick-meta":"","header-below-stick-meta":"","footnotes":""},"class_list":["post-26","page","type-page","status-publish","hentry"],"_links":{"self":[{"href":"https:\/\/www.kulta-auran.fi\/index.php?rest_route=\/wp\/v2\/pages\/26","targetHints":{"allow":["GET"]}}],"collection":[{"href":"https:\/\/www.kulta-auran.fi\/index.php?rest_route=\/wp\/v2\/pages"}],"about":[{"href":"https:\/\/www.kulta-auran.fi\/index.php?rest_route=\/wp\/v2\/types\/page"}],"author":[{"embeddable":true,"href":"https:\/\/www.kulta-auran.fi\/index.php?rest_route=\/wp\/v2\/users\/1"}],"replies":[{"embeddable":true,"href":"https:\/\/www.kulta-auran.fi\/index.php?rest_route=%2Fwp%2Fv2%2Fcomments&post=26"}],"version-history":[{"count":12,"href":"https:\/\/www.kulta-auran.fi\/index.php?rest_route=\/wp\/v2\/pages\/26\/revisions"}],"predecessor-version":[{"id":143,"href":"https:\/\/www.kulta-auran.fi\/index.php?rest_route=\/wp\/v2\/pages\/26\/revisions\/143"}],"wp:attachment":[{"href":"https:\/\/www.kulta-auran.fi\/index.php?rest_route=%2Fwp%2Fv2%2Fmedia&parent=26"}],"curies":[{"name":"wp","href":"https:\/\/api.w.org\/{rel}","templated":true}]}}

<div class="inherit-container-width wp-block-group alignfull has-background is-layout-constrained wp-block-group-is-layout-constrained" style="background-color:#f8f4e4">
<div class="wp-block-columns alignwide is-layout-flex wp-container-core-columns-is-layout-28f84493 wp-block-columns-is-layout-flex">
<div class="wp-block-column is-layout-flow wp-block-column-is-layout-flow"></div>



<div class="wp-block-column is-layout-flow wp-block-column-is-layout-flow"></div>
</div>



<p class="has-text-color has-extra-small-font-size" style="color:#000000">Olen Heidi Korhonen ja asun perheeni kanssa omakotitalossa Turun naapurissa Aurassa. Ensimmäinen kultainennoutajani, Golden Absante Kasper eli Kassu, tuli perheeseemme vuonna 2020.&nbsp; Keväällä 2022 meille muutti Vanda (Vanda Golden Angel from Schwalmtal).</p>



<div class="wp-block-columns is-layout-flex wp-container-core-columns-is-layout-28f84493 wp-block-columns-is-layout-flex">
<div class="wp-block-column is-layout-flow wp-block-column-is-layout-flow" style="flex-basis:100%">
<figure class="wp-block-image aligncenter size-large is-resized"><img loading="lazy" decoding="async" src="http://www.kulta-auran.fi/wp-content/uploads/2023/04/Kassu-ja-Vanda-2-927x1024.jpg" alt="" class="wp-image-31" width="315" height="348" srcset="https://www.kulta-auran.fi/wp-content/uploads/2023/04/Kassu-ja-Vanda-2-927x1024.jpg 927w, https://www.kulta-auran.fi/wp-content/uploads/2023/04/Kassu-ja-Vanda-2-271x300.jpg 271w, https://www.kulta-auran.fi/wp-content/uploads/2023/04/Kassu-ja-Vanda-2-768x849.jpg 768w, https://www.kulta-auran.fi/wp-content/uploads/2023/04/Kassu-ja-Vanda-2-1390x1536.jpg 1390w, https://www.kulta-auran.fi/wp-content/uploads/2023/04/Kassu-ja-Vanda-2-1853x2048.jpg 1853w" sizes="auto, (max-width: 315px) 100vw, 315px" /></figure>
</div>
</div>



<p>Kasvattajan peruskurssin suoritin syksyllä 2021 ja Kulta-Auran kennelnimen sain keväällä 2022. Jalostuksessa käytän vain terveystutkittuja, jalostuskelpoisia koiria.</p>



<figure class="wp-block-image aligncenter size-large is-resized"><img loading="lazy" decoding="async" src="http://www.kulta-auran.fi/wp-content/uploads/2023/04/Tulppaanit-1024x481.jpg" alt="" class="wp-image-36" width="300" height="140" srcset="https://www.kulta-auran.fi/wp-content/uploads/2023/04/Tulppaanit-1024x481.jpg 1024w, https://www.kulta-auran.fi/wp-content/uploads/2023/04/Tulppaanit-300x141.jpg 300w, https://www.kulta-auran.fi/wp-content/uploads/2023/04/Tulppaanit-768x360.jpg 768w, https://www.kulta-auran.fi/wp-content/uploads/2023/04/Tulppaanit-1536x721.jpg 1536w, https://www.kulta-auran.fi/wp-content/uploads/2023/04/Tulppaanit-2048x961.jpg 2048w" sizes="auto, (max-width: 300px) 100vw, 300px" /></figure>



<div class="wp-block-columns is-layout-flex wp-container-core-columns-is-layout-28f84493 wp-block-columns-is-layout-flex">
<div class="wp-block-column is-layout-flow wp-block-column-is-layout-flow">
<figure class="wp-block-image aligncenter size-large is-resized"><img loading="lazy" decoding="async" src="http://www.kulta-auran.fi/wp-content/uploads/2023/04/vanda-pienena-3-810x1024.jpg" alt="" class="wp-image-121" width="251" height="317" srcset="https://www.kulta-auran.fi/wp-content/uploads/2023/04/vanda-pienena-3-810x1024.jpg 810w, https://www.kulta-auran.fi/wp-content/uploads/2023/04/vanda-pienena-3-237x300.jpg 237w, https://www.kulta-auran.fi/wp-content/uploads/2023/04/vanda-pienena-3-768x971.jpg 768w, https://www.kulta-auran.fi/wp-content/uploads/2023/04/vanda-pienena-3.jpg 1103w" sizes="auto, (max-width: 251px) 100vw, 251px" /></figure>
</div>



<div class="wp-block-column is-vertically-aligned-center is-layout-flow wp-block-column-is-layout-flow">
<p>Pennut kasvavat kotioloissa ja tottuvat erilaisiin ääniin ja lapsiin. Pennut luovutetaan 7-8 viikon iässä, useita kertoja madotettuna, eläinlääkärin tarkastamina ja sirutettuina.</p>
</div>



<div class="wp-block-column is-layout-flow wp-block-column-is-layout-flow">
<figure class="wp-block-image aligncenter size-large is-resized"><img loading="lazy" decoding="async" src="http://www.kulta-auran.fi/wp-content/uploads/2023/04/kassu-pienena-1-1-806x1024.jpg" alt="" class="wp-image-123" width="257" height="325"/></figure>
</div>
</div>
</div>

<p>Olen Heidi Korhonen ja asun perheeni kanssa omakotitalossa Turun naapurissa Aurassa. Ensimmäinen kultainennoutajani, Golden Absante Kasper eli Kassu, tuli perheeseemme vuonna 2020.&nbsp; Keväällä 2022 meille muutti Vanda (Vanda Golden Angel from Schwalmtal). Kasvattajan peruskurssin suoritin syksyllä 2021 ja Kulta-Auran kennelnimen sain keväällä 2022. Jalostuksessa käytän vain terveystutkittuja, jalostuskelpoisia koiria. Pennut kasvavat kotioloissa ja tottuvat erilaisiin &hellip;</p>
<p class="read-more"> <a class="" href="https://www.kulta-auran.fi/?page_id=26"> <span class="screen-reader-text">Esittely</span> Lue lisää &raquo;</a></p>
